e q(3). Suppose 3*v = 4*r - 343, 5*v + 15 + f = 0. Is r a prime number?
False
Is 1/(10/12006) + 54/135 composite?
False
Let q = -8 - -13. Suppose 127 = -q*m + 6*m. Is m a composite number?
False
Is 4/((-140)/(-35301)) - 2/(-5) prime?
True
Let p(a) = 3*a**2 + 8*a + 1. Let f be p(-9). Suppose -3*v + 209 = -f. Is v prime?
True
Let v be -1*((-7 - -2) + 3). Suppose 2*s + 10 = 0, -4*q - v*s + 6*s + 80 = 0. Is q composite?
True
Let s be (-3)/(0 + -9)*6. Suppose 0 = z - 2*r, 0*z - s*r + 8 = z. Suppose 67 = z*y + 23. Is y composite?
False
Let q = 1122 + -475. Is q a prime number?
True
Let m(g) = g - 2. Let q be m(2). Suppose -4*t + 21 = 5*i, q*t - 4*t + 48 = -4*i. Is t a prime number?
False
Suppose -2*i - 2*s + 4469 + 5715 = 0, s - 5 = 0. Is i a composite number?
False
Suppose 4*f = -2836 + 9768. Is f composite?
False
Is (2/3)/(-1*(-2)/2157) prime?
True
Let i(o) = 65*o - 45. Is i(14) a composite number?
True
Suppose 4*i - 2*w - 10 = 0, 5*i + 0*w = -2*w - 10. Let n(j) = 0*j**2 + 10*j + i*j + 6*j**2 - j**3. Is n(7) prime?
False
Suppose 3*y = -f + 6*y + 188, 0 = -3*f - 4*y + 525. Is f composite?
False
Suppose 0 = 5*w + y + 193, 2*w - 2*y + 6*y = -70. Let f(n) = -59*n + 1. Let o be f(-1). Let l = w + o. Is l a prime number?
False
Let g(t) = t + 5. Let r be ((-8)/10)/((-1)/(-5)). Let p be g(r). Is ((-4)/(-8))/(p/174) composite?
True
Suppose 0*b - b = -5. Let r(x) = -25*x + 10. Let v(o) = -51*o + 19. Let m(d) = 5*r(d) - 3*v(d). Is m(b) a prime number?
False
Suppose 2*j - 147 = 19. Is j a prime number?
True
Suppose 28 = -5*z + z. Let y(c) = 11*c - 9. Let f be y(9). Let g = f + z. Is g prime?
True
Suppose -2*d = 2*d - 1228. Is d a composite number?
False
Is 3 + (-4)/(-20) + (-28467)/(-15) a composite number?
False
Let z = -3 + 7. Is 4*(0 + 3/z) prime?
True
Let x = 499 + -347. Suppose -2*t - 3*t + 4*v = -1157, 0 = 2*v + 6. Let j = t - x. Is j a prime number?
False
Let m(k) = -10*k + 5. Is m(-5) a prime number?
False
Suppose -3*c - 5*r = -0*c - 274, -5*c + 5*r = -470. Is c composite?
True
Suppose -4427 = -4*y + 785. Is y composite?
False
Let x be -5 + (-2)/(-1 + 0). Is 14/x*(-54)/12 composite?
True
Let p(g) = g**3 - 5*g**2 - 4*g + 7. Let x be p(5). Is x*(-3 + (-4)/(-2)) prime?
True
Suppose 4*a = -0*j - 4*j + 23928, 0 = 3*j - 3. Is a composite?
False
Let z(f) = 2 + 20 - 4 + 4 + f. Let s be 0/(1/(-1)*-1). Is z(s) a composite number?
True
Let b be 1314/33 + (-2)/(-11). Let k = 111 - b. Is k composite?
False
Let z(c) = -3*c**2 + 5*c - 3. Let t be z(4). Let w = t - -52. Is w a composite number?
True
Suppose 3*u + 11 = -m, -m = 3*u - 2*m + 13. Let p = u + 2. Is 22 + 3/((-6)/p) composite?
False
Let b be ((-474)/9)/((-12)/18). Let i = b - -88. Is i prime?
True
Suppose -2*u - y = -5*u - 20, -2*y = 3*u + 23. Let z(x) = -x**2 - 9*x + 1. Is z(u) a composite number?
True
Suppose q + 2*g = 105, 4*q = -4*g + g + 430. Is q a composite number?
False
Is (-1 - -532)*5/15 a prime number?
False
Let g = 7 - 4. Suppose 5*h - 2*k = -0*k + 44, 0 = -5*h + g*k + 41. Is h a prime number?
False
Let k be ((-1)/(-3))/(1/(-6)). Let h(o) = 14*o**2 + 1. Let q be h(k). Is (-4)/(24/q)*-2 a composite number?
False
Suppose 6*d + 15 + 27 = 0. Is (-1729)/d - (-1 - 1) prime?
False
Is (0 - 0) + 1584 + -1 a prime number?
True
Is (10/4)/(1/34) a composite number?
True
Suppose -5*x - 1975 = -5*j, 4*x - 405 = -3*j + 2*j. Is j composite?
False
Let a = 928 - -317. Let p = a - 178. Is p a composite number?
True
Suppose 0*c + 1053 = 3*c. Suppose 5*t - 19 = c. Suppose -2*b + t = -0*b. Is b a composite number?
False
Suppose 0 = -4*c + 574 + 3982. Is c composite?
True
Let j(g) = -g + 28. Let i be j(0). Let k(p) = -5*p**2 + p**2 + i*p**2 + p. Is k(-1) prime?
True
Suppose 458 = 2*n + 144. Is n prime?
True
Suppose 0 = f + 5*l - 271, -f + 5*f + 4*l - 1084 = 0. Suppose 0 = -4*n + 45 + f. Is n composite?
False
Let y = 15 - 8. Let o = y + -3. Suppose 0 = o*u - 0*u - 52. Is u prime?
True
Suppose t = 2*t - 21. Let l be ((-3)/(-3))/(3/(-33)). Let h = t + l. Is h prime?
False
Suppose 0 = -2*b + 10. Suppose 3*f - 28 = -5*a + 115, 0 = -f - b*a + 41. Is f a prime number?
False
Let x = -19 - -28. Suppose -633 = x*t - 12*t. Is t composite?
False
Let o = 38 - -119. Let h = o + -68. Is h prime?
True
Suppose s + 164 = 1065. Is s composite?
True
Let j = 12 - 8. Let p be j/18 + 144/81. Is 55 + (p - 1 - 3) prime?
True
Suppose -4*i + u = 0, -u = -5*i + 4*u. Suppose -12*j + 13*j - 91 = i. Is j a prime number?
False
Suppose 2*y + 2*y - 1652 = 0. Is y composite?
True
Let z(q) = q + 4. Let j be z(-4). Let u(a) = a - 4. Let h be u(j). Let b(o) = 7*o**2 - 3*o - 3. Is b(h) composite?
True
Suppose -10*g + 3112 = -6*g. Is g a composite number?
True
Let p(u) = -u**3 - 7*u**2 - 7*u - 2. Let b be p(-6). Is 1940/12 + b/(-6) a composite number?
True
Let u(r) = 63*r**2 + 3*r - 35. Is u(4) a composite number?
True
Suppose 6*b = 5*p + 2*b - 727, 3*b + 141 = p. Let w = -93 + p. Suppose -w = y - 215. Is y a composite number?
True
Suppose 3*y + 0*v + v + 2926 = 0, -1954 = 2*y + 4*v. Let i be ((-8)/10)/(3/y). Suppose u + 2*u - 193 = -4*j, -4*u + i = 4*j. Is u a composite number?
False
Let k = -14 - -6. Is ((-75)/(-20))/((-3)/k) prime?
False
Let w be 10*(15/(-6))/(-5). Suppose -3*k + 70 = 2*o, -k - 3*o + 18 = -w*o. Is k composite?
True
Let h(n) = n**2 - 1. Let m be h(-1). Let s be (-84)/(-3 + 1) - m. Suppose 5*y - s = 68. Is y composite?
True
Suppose -28 = -5*r + 3*r. Let o be r*(-3)/(-6)*-11. Let k = o + 160. Is k prime?
True
Let q(f) = -2*f**3 - f - 2. Let r(b) = -5*b**3 + 1 + b**2 + 10*b**3 - 6*b**3. Let o(j) = q(j) - 3*r(j). Is o(6) prime?
True
Let b be (-1 - 1) + (-21)/(-3). Suppose 6*v - b*v - 3*t + 10 = 0, v - 22 = -5*t. Suppose -4*g + 362 = -w + 3*w, v*g - 163 = 5*w. Is g composite?
False
Let v(o) = 14*o**2 - 3*o - 3. Let y be v(-2). Suppose -94 = -3*u + 23. Suppose y = 2*g - u. Is g prime?
False
Let g(p) = 68*p**3 + p. Let b be g(1). Let k(d) = 5*d**2 - 1. Let h be k(-1). Suppose -o = -h*o + b. Is o a composite number?
False
Let q = -7 + 9. Suppose 104 = 2*m - q*o, -m + 34 = -0*m + 5*o. Is m a prime number?
False
Let i(q) = -8*q - 1. Let k be i(-2). Suppose 3*m = k, 3*m - 835 = -5*w - m. Is w composite?
False
Let o be (-2)/(6/(-4) + 2). Let p(v) = 16*v**2 + v - 1. Is p(o) a prime number?
True
Suppose 3 = -2*p + 7. Suppose 2*j - x - 2*x = 95, 123 = 3*j + p*x. Is j a composite number?
False
Let t(k) = k**3 - 6*k**2 - 8*k + 7. Let y be t(7). Suppose -3*x + 128 = u, 2*x + y*x = u - 103. Is u prime?
True
Let i(q) = -q**3 - 2*q**2 + q + 55. Is i(0) prime?
False
Let r(q) = 20*q - 1. Suppose 0 = -u - 5*o + 25, 2*u + 4*o - 51 = -7. Suppose 5*x - 26 = -0*k - k, u = 5*k + 3*x. Is r(k) a prime number?
True
Let n(h) = 74*h**2 + 3*h + 2. Is n(-3) composite?
False
Is 123 - (17 + -1)/4 a composite number?
True
Is 64/5 - ((-45)/(-25) + -2) a composite number?
False
Suppose 5*j + 5*x - 41 - 29 = 0, 0 = -j - 3*x + 18. Let s be 633/18 - 2/j. Suppose -2*r + s = 3*r. Is r a composite number?
False
Let i(t) = t + 2. Let m be -1 + 3*-2 + -1. Let g be i(m). Is (-554)/g + (-4)/(-6) prime?
False
Suppose -6 = -n - n. Suppose t - 737 = -5*s + 5*t, n*t = 2*s - 292. Is s a composite number?
False
Let w(k) = k**3 + 4*k**2 - 3*k - 4. Let z be w(-5). Let j = z + 3. Let q = j - -17. Is q a composite number?
True
Suppose 2*l - z + 4 - 11 = 0, l - 11 = 3*z. Suppose 0 = 6*s - l*s - 8. Suppose f = s*y + 2*y - 137, 0 = 3*y + f - 108. Is y prime?
False
Let f(c) = -c + 9. Suppose 0 = -3*l - 5*d + 46, 10*l + 4*d - 55 = 5*l. Let k be f(l). Suppose -v - 2*x - x = -130, 2 = k*x. Is v prime?
True
Let z(m) = -12*m + 11. Is z(-14) composite?
False
Suppose -3064 - 12105 = -7*s. Is s composite?
True
Let a = -44 - -62. Suppose a*f = 16*f + 794. Is f a prime number?
True
Is 25/10*1074/15 a prime number?
True
Suppose 0 = -4*x + 11 + 1. Suppose 5*u = -2*q + 3*q + 1052, x*u = q + 630. Is u a composite number?
False
Let p(b) = -b**2 + 11*b + 9. Let h be p(10). Suppose -2*w + w = -h. Is w composite?
False
Let i be 0/3 + 3/1. Suppose 2*x - x = -2. Is i + x + 325 + 3 a prime number?
False
Suppose 2*b + 4*n - 62 - 32 = 0, -4*n = 0. Suppose 3*t - b = 2*t. Is t a composite number?
False
Let x(c) = 9*c**3 + 1. Let s be x(1). Is 5/s + (-134)/(-4) composite?
True
Let f(z) = z**3 - 14*z**2 + 13*z - 14. Is f(16